 4*a + 5*b, -5*a + 26 = -2*b. What is the remainder when (-60)/21*(-21)/(-12)*-2 is divided by a?
2
Let s(u) = u + 8. Let f be s(-8). Suppose 0 = 2*w + 2*k - 22, -w + 2*w - 5*k + 13 = f. What is the remainder when 26 is divided by w?
5
Let u = -85 + 183. What is the remainder when u is divided by 33?
32
Suppose 10 = -3*g + 4. Suppose 2*v + 2*v - 136 = q, 2*v = 2*q + 248. Calculate the remainder when 38 is divided by g/6 - q/9.
12
Suppose 5*b + 5*l = 2*l + 359, 4*b + l - 290 = 0. Suppose -5*c = -5*u + 145, -c - 4 = -0. What is the remainder when b is divided by u?
23
Let l = -56 - -112. What is the remainder when ((-36)/(-14))/(4/l) is divided by 19?
17
Let u = 1 + -1. Suppose -76 = -u*m - 4*m + 2*x, 3*m + 3*x - 39 = 0. Let h(a) = -17*a - 2. What is the remainder when h(-2) is divided by m?
15
Let b = 248 + -143. Let c be -1 - -16 - 6/2. Calculate the remainder when (c/20)/(3/b) is divided by 12.
9
Let l = 34 + -25. Calculate the remainder when 44 is divided by l.
8
Suppose 0 = 3*d - 11 - 1. Let x be ((-5)/3)/(1/21). Calculate the remainder when d/((-5)/(x/2)) is divided by 8.
6
Suppose 0 = -4*k - 0*k + 16. Suppose 178 = k*m + 46. Calculate the remainder when m is divided by 9.
6
Suppose -3*k + 8 + 37 = 0. Let p = 96 - 52. What is the remainder when p is divided by k?
14
Let c(i) = 9*i**2 + 1. Let x be (-4)/(-22) + (-93)/(-33). Suppose 29 = -x*h + 86. What is the remainder when h is divided by c(-1)?
9
Let o(d) = d**2 - 3*d + 8. Let p be o(6). Suppose 2*z = p + 8. What is the remainder when 32 is divided by z?
15
Let w be (1/(-3))/(1/3). Let a = -101 + 159. Calculate the remainder when a is divided by ((-3)/6)/(w/40).
18
Let g(u) = u**3 - 5*u**2 - 1. Let x be g(5). Let f = 6 + x. Suppose 0 = f*k - 0*k - 85. Calculate the remainder when k is divided by 9.
8
Let l(u) = 6*u - 95. What is the remainder when 263 is divided by l(19)?
16
Let i(v) = -v**3 + 3*v**2 + 6*v - 7. Calculate the remainder when 53 is divided by i(3).
9
Let h = 4 + -4. Suppose v + 11 = 5*w, 0*w - w + 3*v + 5 = h. Suppose -2*i = w*i - 8. What is the remainder when 2 is divided by i?
0
What is the remainder when 10 is divided by 1*((-8 - -4) + 10)?
4
Let j(x) = 13*x - 13. Calculate the remainder when j(4) is divided by 14.
11
Let a(p) = -p**3 + 8*p**2 - 6*p - 4. Let h be a(7). Suppose 4*k - 25 = 5*d, h = k - 5*d + 8. Let i = -23 + 40. Calculate the remainder when i is divided by k.
7
Suppose 0 = -i + 3*d - 9, 4*d = 12. Suppose 2*o + 11 - 39 = i. Calculate the remainder when o is divided by 6.
2
Suppose 4 = 2*x - 4. Suppose 3*r - x = -r. What is the remainder when 1 is divided by -2 + 4/1 - r?
0
Suppose -4*c - 31 = 1. Let h = -5 - c. Calculate the remainder when 8 is divided by h.
2
What is the remainder when 50 is divided by 1/(((-6)/26)/(-3))?
11
Suppose n - 4 - 4 = -3*y, -3*y + 13 = -4*n. Suppose 0 = y*j - 8*j - 85. Let k = j - -28. Calculate the remainder when k is divided by 7.
4
Suppose -280 = -4*f - 2*n, -3*f - 2*n + 3*n + 215 = 0. Suppose -3*k = 3*v - f - 43, 0 = 5*v + 4*k - 192. What is the remainder when v is divided by 14?
12
Let j(k) = k**2 + 6*k - 13. Let d be j(-7). What is the remainder when 7 is divided by d/33 - 24/(-11)?
1
Suppose 0 = a + 4*i - 21, -5*a - 2*i + 156 = i. Let h = 18 - 9. Calculate the remainder when a is divided by h.
6
Let q(s) = -s**3 - s - s + 3 + 7*s - 2*s**2. Suppose l + 12 = -4*c + 3*l, -l + 2 = -c. Calculate the remainder when 28 is divided by q(c).
13
Let q = 51 - 15. Calculate the remainder when (-3)/(-1)*(-143)/(-3) is divided by q.
35
Let p be 2 + -2 - (-50 + 0). Let l = -25 + p. What is the remainder when 97 is divided by l?
22
Suppose 7*s + 12 = 4*s. Let w = s - -10. Suppose w*q - 40 = q. What is the remainder when 15 is divided by q?
7
Let c(t) = 13*t + 4. Let i be c(-4). Calculate the remainder when 11 is divided by -4*4/i*12.
3
Calculate the remainder when (-12)/(4/(-2)) - 1 is divided by 2.
1
Let p(w) = 6*w - 7. Let g = -22 - -125. What is the remainder when g is divided by p(7)?
33
Let k be (0 - 3)/(6/18). Let x = 40 + k. Suppose 59 = 5*b - x. Calculate the remainder when 69 is divided by b.
15
Let q(b) = -b**3 + b**2 + 5*b. Let x be q(-4). Suppose 0 = 4*y + y + 5, 2*t = 4*y + x. What is the remainder when t is divided by (-2)/(-3) - (-56)/6?
8
Let o(l) = 5*l - 9. Let z be o(9). Calculate the remainder when 62 is divided by z*2/3 - 3.
20
Let x(f) = -f**3 + 2*f**2 + 2*f - 1. Let y(l) = 5*l**2 - 29*l - 11. Calculate the remainder when y(7) is divided by x(-2).
9
Suppose 0 = -m - n + 1, m + 3*m = -5*n - 1. Let x = 0 - 1. Calculate the remainder when -2*(x + 21/(-2)) is divided by m.
5
Let j(i) = i**2 + 1. Let s be j(2). Suppose s*b - 191 + 1 = 0. What is the remainder when b is divided by 13?
12
Suppose 62 = -4*z - 2*h, -4*z = -z + h + 48. Let i = 34 + z. Suppose -47 = -3*c - i. What is the remainder when 19 is divided by c?
9
Let k be 1 + (-3 - -10) - -1. Let q = k + 6. Calculate the remainder when 29 is divided by q.
14
Let k = 8 - 15. Let c(o) = -3*o - 7. Calculate the remainder when c(k) is divided by 5.
4
Let c be (15/6)/((-4)/(-8)). Suppose -8 = -c*l + 12. What is the remainder when l is divided by 3?
1
Let x(r) = 2*r**2 + 2*r - 3. Suppose -9 = -5*k + 6. Suppose -2*b + 47 = k*m - 0*b, 2*m - b = 36. What is the remainder when m is divided by x(2)?
8
Suppose 7*o - 9 = 4*o. Suppose 0*s + 5*j = 2*s + 11, o = -3*j. What is the remainder when (2 + s - 1)*-1 is divided by 4?
3
Suppose -3*c + 53 + 16 = 0. Calculate the remainder when c is divided by 8.
7
Suppose 2*s = s. Suppose -5*i + 40 = m, 0 = i + m - s - 8. Let v(g) = -9*g - 3. What is the remainder when v(-2) is divided by i?
7
Suppose 4 = -c + 5. Calculate the remainder when (26/5)/(c/5) is divided by 14.
12
Let q(o) = -o**3 - 17*o**2 + 17*o - 10. Let m be (-4)/(-18) - (-16)/9. What is the remainder when q(-18) is divided by 15*(m/6 - 0)?
3
Let z(j) = j**2 + 13*j + 20. What is the remainder when z(-15) is divided by 27?
23
Suppose -4*r - 5*j + 93 = 0, -4*r = 2*j - 22 - 68. Let v = 37 - r. Calculate the remainder when 27 is divided by v.
12
Let n be 3 - (-1 + -1 + 3). What is the remainder when 6 - -14 - (1 - n) is divided by 6?
3
Suppose 7 = -w + 2. Let j(z) = -3*z. What is the remainder when 44 is divided by j(w)?
14
Let f be (-20)/6*3/(-2). Let b(z) = -z**2 + f*z**2 - 2*z**2. Calculate the remainder when b(3) is divided by 10.
8
Suppose z - 2 + 3 = 3*u, 45 = 5*z - 5*u. Calculate the remainder when z is divided by 3.
2
Suppose -s - 12 = -0. Let m = 23 + s. What is the remainder when 31 is divided by m?
9
Let j(d) = 7 - d**2 - 2*d + 12*d + d. Calculate the remainder when 48 is divided by j(9).
23
Let u(o) = o**3 - 15*o**2 + 3*o + 2. Calculate the remainder when u(15) is divided by 10.
7
Let w(t) = t**3 - 8*t**2 + 9*t + 4. Suppose -34*n - 16 = -36*n. What is the remainder when w(7) is divided by n?
2
Suppose -2*i = -3*i + 3. Suppose 5 = 2*n - i. Suppose 3*c = x - 4*x + 87, -n*c = 3*x - 85. What is the remainder when x is divided by 11?
9
Suppose 0 = 2*k - 28 - 20. Calculate the remainder when k is divided by 14.
10
Suppose -d + 0 = 2. Suppose 7 + 13 = 5*x. What is the remainder when d*(-14)/8*2 is divided by x?
3
Suppose 1 = -4*o + 4*c + 25, -4*o = 5*c - 60. What is the remainder when 28 is divided by o?
8
Let n(h) = -h**3 + 6*h**2 + h + 10. Let d be n(7). Let g = -13 - d. What is the remainder when g is divided by (-2)/2*-1 + 6?
5
Calculate the remainder when 14 is divided by (-4)/(-8) + 1/4*6.
0
Suppose 5*x - 4*x = 19. Suppose 0 = 2*j - g - 2 - 4, 5*j = g + 12. Suppose 4*d - d - 9 = -4*n, j*d - 26 = 4*n. What is the remainder when x is divided by d?
5
Suppose 0 = -3*s - 10 + 25. Calculate the remainder when 14 is divided by s.
4
Let b(n) = n**3 - 3*n**2 - 3*n + 3. Let j be b(4). Suppose 3*v + 3*s + 2*s + 14 = 0, 4*v = -2*s. Let x = j + v. Calculate the remainder when 26 is divided by x.
8
Suppose 4*t = 6*t - 38. Calculate the remainder when 73 is divided by t.
16
Let g = -5 - -11. Calculate the remainder when 21 is divided by g.
3
Let a be 8/(-48) + 70/(-12). Let w = 2 + 1. Calculate the remainder when (-135)/(-6) - w/a is divided by 8.
7
Let o = 1755 - 1047. Let i(a) = -a**2 - 4*a + 1. Let n be i(-6). Calculate the remainder when o/22 + 2/n is divided by 11.
10
Suppose 10